835.
5, 109, 563
List the prime factors of 6151289.
199, 30911
What are the prime factors of 82217?
82217
List the prime factors of 120592.
2, 7537
List the prime factors of 22182271.
41, 89, 6079
What are the prime factors of 2758685?
5, 41, 13457
What are the prime factors of 380432?
2, 13, 31, 59
List the prime factors of 433113.
3, 23, 6277
What are the prime factors of 458684?
2, 114671
What are the prime factors of 75085?
5, 15017
What are the prime factors of 2746039?
23, 29, 179
What are the prime factors of 198048?
2, 3, 2063
List the prime factors of 3055640.
2, 5, 7, 1559
List the prime factors of 5455164.
2, 3, 11, 13, 17
List the prime factors of 623448.
2, 3, 7, 1237
List the prime factors of 1842606.
2, 3, 102367
What are the prime factors of 1138493?
53, 21481
List the prime factors of 1819656.
2, 3, 127, 199
List the prime factors of 26871431.
43, 624917
What are the prime factors of 757586?
2, 378793
List the prime factors of 393359.
31, 12689
List the prime factors of 1881191.
13, 37, 3911
What are the prime factors of 15874577?
23, 787, 877
List the prime factors of 34431.
3, 23, 499
List the prime factors of 14857607.
1237, 12011
List the prime factors of 679850.
2, 5, 13597
What are the prime factors of 66465?
3, 5, 7, 211
What are the prime factors of 14856?
2, 3, 619
What are the prime factors of 10303449?
3, 13, 61, 71
List the prime factors of 256586.
2, 11, 107, 109
List the prime factors of 288236.
2, 13, 23, 241
What are the prime factors of 522472?
2, 65309
What are the prime factors of 1661220?
2, 3, 5, 11, 839
List the prime factors of 209325.
3, 5, 2791
What are the prime factors of 766243?
563, 1361
List the prime factors of 554940.
2, 3, 5, 3083
List the prime factors of 5158592.
2, 80603
What are the prime factors of 10957677?
3, 3652559
List the prime factors of 85850.
2, 5, 17, 101
List the prime factors of 1851604.
2, 462901
List the prime factors of 1769343.
3, 17, 34693
What are the prime factors of 2301199?
2301199
List the prime factors of 546490.
2, 5, 7, 37, 211
What are the prime factors of 78254?
2, 11, 3557
List the prime factors of 2296480.
2, 5, 31, 463
What are the prime factors of 115555?
5, 11, 191
List the prime factors of 3710941.
13, 285457
What are the prime factors of 682045?
5, 7, 13, 1499
List the prime factors of 1522685.
5, 304537
What are the prime factors of 2140531?
2140531
What are the prime factors of 7545675?
3, 5, 100609
List the prime factors of 618405.
3, 5, 41227
What are the prime factors of 714497?
7, 102071
What are the prime factors of 11845439?
37, 389, 823
List the prime factors of 4964643.
3, 19, 29033
List the prime factors of 452251.
17, 37, 719
List the prime factors of 300933.
3, 29, 1153
List the prime factors of 2223773.
2223773
List the prime factors of 5008346.
2, 7, 357739
List the prime factors of 6719867.
7, 11, 197, 443
What are the prime factors of 94005?
3, 5, 2089
List the prime factors of 903849.
3, 19, 101, 157
What are the prime factors of 8122599?
3, 100279
What are the prime factors of 276815?
5, 7, 11, 719
List the prime factors of 287995.
5, 239, 241
List the prime factors of 3916460.
2, 5, 17, 11519
What are the prime factors of 1045988?
2, 19, 13763
List the prime factors of 14151222.
2, 3, 786179
List the prime factors of 5699524.
2, 1424881
What are the prime factors of 1221996?
2, 3, 101833
What are the prime factors of 673636?
2, 168409
List the prime factors of 31138629.
3, 10379543
What are the prime factors of 2303603?
107, 21529
What are the prime factors of 86182?
2, 41, 1051
What are the prime factors of 343376?
2, 11, 1951
List the prime factors of 16070110.
2, 5, 7, 101, 2273
What are the prime factors of 421060?
2, 5, 37, 569
List the prime factors of 594761.
29, 20509
List the prime factors of 871146.
2, 3, 48397
List the prime factors of 5195851.
71, 73181
List the prime factors of 195955.
5, 39191
What are the prime factors of 7427399?
7, 1061057
List the prime factors of 293922.
2, 3, 5443
List the prime factors of 817335.
3, 5, 41, 443
What are the prime factors of 91097?
91097
List the prime factors of 2152047.
3, 17, 42197
List the prime factors of 767462.
2, 499, 769
List the prime factors of 3000954.
2, 3, 11, 41, 1109
What are the prime factors of 11827766?
2, 19, 29, 10733
List the prime factors of 10331907.
3, 3443969
List the prime factors of 296200.
2, 5, 1481
What are the prime factors of 13877737?
47, 295271
What are the prime factors of 449117?
449117
What are the prime factors of 18284663?
103, 167, 1063
List the prime factors of 2018729.
2018729
What are the prime factors of 2308656?
2, 3, 7, 6871
List the prime factors of 16579081.
149, 111269
What are the prime factors of 176741?
176741
What are the prime factors of 715952?
2, 29, 1543
List the prime factors of 1653150.
2, 3, 5, 103, 107
List the prime factors of 2103643.
157, 13399
What are the prime factors of 61133?
113, 541
What are the prime factors of 320905?
5, 13, 4937
What are the prime factors of 4039575?
3, 5, 53861
What are the prime factors of 124408?
2, 15551
What are the prime factors of 491409?
3, 54601
List the prime factors of 10773900.
2, 3, 5, 11971
What are the prime factors of 136796?
2, 11, 3109
What are the prime factors of 10448812?
2, 11, 17, 61, 229
What are the prime factors of 102516?
2, 3, 8543
What are the prime factors of 799959?
3, 97, 2749
What are the prime factors of 5258230?
2, 5, 191, 2753
List the prime factors of 5359459.
7, 613, 1249
What are the prime factors of 3323300?
2, 5, 167, 199
What are the prime factors of 1580668?
2, 151, 2617
What are the prime factors of 4051225?
5, 347, 467
List the prime factors of 6538842.
2, 3, 363269
What are the prime factors of 286947?
3, 31883
List the prime factors of 7514305.
5, 1502861
List the prime factors of 541465.
5, 108293
List the prime factors of 976981.
29, 59, 571
List the prime factors of 12438.
2, 3, 691
List the prime factors of 447225.
3, 5, 67, 89
What are the prime factors of 197817?
3, 233, 283
List the prime factors of 359078.
2, 29, 41, 151
List the prime factors of 1028479.
1028479
What are the prime factors of 3793817?
79, 48023
List the prime factors of 24505985.
5, 7, 700171
What are the prime factors of 172446?
2, 3, 41, 701
What are the prime factors of 269381?
7, 29, 1327
What are the prime factors of 5553737?
7, 37, 41, 523
What are the prime factors of 395825?
5, 71, 223
What are the prime factors of 12391094?
2, 6195547
List the prime factors of 185312.
2, 5791
What are the prime factors of 3322332?
2, 3, 13, 31, 229
What are the prime factors of 11950969?
11950969
What are the prime factors of 372072?
2, 3, 37, 419
List the prime factors of 2943216.
2, 3, 757
List the prime factors of 11525723.
11, 19, 55147
List the prime factors of 186258.
2, 3, 37, 839
List the prime factors of 67568.
2, 41, 103
What are the prime factors of 542748?
2, 3, 31, 1459
What are the prime factors of 9396466?
2, 23, 359, 569
List the prime factors of 16491913.
439, 37567
List the prime factors of 27930380.
2, 5, 19, 31, 2371
List the prime factors of 70354.
2, 29, 1213
What are the prime factors of 217717?
217717
What are the prime factors of 196081?
196081
List the prime factors of 387272.
2, 48409
What are the prime factors of 10138068?
2, 3, 93871
What are the prime factors of 1783960?
2, 5, 103, 433
What are the prime factors of 11396702?
2, 5698351
What are the prime factors of 18937612?
2, 83, 57041
List the prime factors of 350301.
3, 7, 2383
What are the prime factors of 1873851?
3, 7, 89231
What are the prime factors of 520346?
2, 151, 1723
What are the prime factors of 66775?
5, 2671
What are the prime factors of 62891?
61, 1031
List the prime factors of 170856.
2, 3, 7, 113
List the prime factors of 2044027.
2044027
What are the prime factors of 13470953?
17, 67, 11827
List the prime factors of 7468049.
17, 25841
What are the prime factors of 63120?
2, 3, 5, 263
List the prime factors of 9868940.
2, 5, 493447
List the prime factors of 175982.
2, 87991
List the prime factors of 1894631.
1894631
List the prime factors of 7940879.
19, 417941
What are the prime factors of 535120?
2, 5, 6689
List the prime factors of 1475165.
5, 295033
List the prime factors 